+ 10 + 0 + 16?
-7
What is (3 - 7 - (17 - -2)) + 10?
-13
Calculate (26 - (-3 - -4)) + 25 + -15 + -19.
16
Calculate -13 - (6 - ((5 - 12) + 5) - 6).
-15
Evaluate -12 - 12 - -43 - (3 + -3 + 7).
12
What is the value of 2 + -1 + -4 + 13?
10
17 - (-2 - -32) - -27
14
What is -3 + 19 - ((-4 - 3) + (-20 - -24))?
19
Calculate 15 - (-5 + -13) - (9 - -5).
19
What is -237 + 247 + (-11 - -1)?
0
Evaluate -18 + 12 + 28 + -22.
0
-58 + (9 - -20) - -4
-25
8 + 2 + -10 - -6
6
What is -8 + -19 + 14 - -7?
-6
Calculate (12 + -29 - -28) + 1 + -15.
-3
Calculate -39 + 12 - -13 - -5.
-9
Evaluate (-13 - 3) + -37 + 28 + (-1 - 2).
-28
-11 - ((-9 - 8) + 6)
0
Evaluate (-2 - (1 + -13)) + 15 + -12.
13
Calculate 11 - (11 + -3) - (1 + -14).
16
Evaluate 2 - (-8 + (-4 - -16) + 13).
-15
Evaluate 18 + (-4 + -13 - -1).
2
What is the value of (0 - -1) + (-15 - -6) + -3 + 4?
-7
4 + 4 + (1 - (7 - -1))
1
Evaluate -52 + 71 - (9 + -2).
12
Calculate 0 + -1 + -1 + -41 + -37 + 99.
19
What is the value of -7 - (1 - ((-3 + 4 - 7) + 10))?
-4
What is 6 + 13 + (-14 - -6)?
11
Evaluate 10 + 1 + (-3 - (15 + -6)) + 6.
5
Evaluate (36 - 17) + 9 + -4 + (5 - 7).
22
What is (-15 - -6 - 10) + 16?
-3
What is the value of -6 - (-22 - (-8 + -7))?
1
Calculate -170 + 165 + 12 + 1.
8
What is the value of (7 - (7 - (12 - 4)) - -1) + 11?
20
What is -6 + (4 - -11) + (6 - (1 - -12))?
2
What is the value of (6 - (2 + -1) - (-3 + 5)) + -12?
-9
-8 + -1 + (6 - (3 + -3))
-3
What is 0 - (13 - (-4 + (5 - -4)))?
-8
Calculate (41 - 45 - (2 + -7)) + -16.
-15
What is (-4 - -9 - (6 + -4)) + 5 + -1?
7
Evaluate 164 - 166 - (-1 - 1).
0
Evaluate 17 - (8 + (8 - 5) + -10).
16
What is -4 - -2 - (-8 + 19)?
-13
What is the value of (-2 - -8) + (-12 - (-16 + 28))?
-18
11 - (-4 - (-7 + 2))
10
-1 - 11 - (-38 + 79 - 75)
22
Evaluate -7 + 7 + (-7 + -3 - -1).
-9
Calculate 31 + (24 - 74) - (1 - 17).
-3
Evaluate -5 + 6 + (18 - -4) + -20.
3
What is 27 + -28 + (-11 - -23)?
11
1 + 76 + -64 + (-27 - 1)
-15
Evaluate 12 + 3 + -33 + 26.
8
What is -3 + (-21 - -9) - -17?
2
What is 2 - (-7 - (17 + 10 + -23))?
13
What is 3 - (20 + -13 + -22)?
18
What is 22 + -1 - ((-12 - -19) + -4)?
18
(-36 - -4) + -174 + 172
-34
Evaluate -9 + 5 + 0 + 9.
5
What is the value of 11 - -20 - 21 - (-1 - -18)?
-7
(9 - 27) + 3 - (-5 + -1) - -15
6
Evaluate (1 - -2) + (32 - (68 - 38)).
5
Evaluate -45 - (-72 + (-20 - -32)).
15
Calculate 7 + -5 + 3 + -7.
-2
Calculate -3 - (-9 + 8 + 7 + -5).
-4
Calculate 2 + -6 + -14 - -13.
-5
What is 10 + 64 - (34 + 6)?
34
Calculate 26 + 8 + -3 + 9 + -18.
22
Calculate (23 - (43 + -27)) + -31.
-24
What is -1 + (33 - 4 - 4) - 8 - 2?
14
Calculate -6 + (3 + -11 - (-18 - -12)) + 4.
-4
Evaluate -9 - ((-19 - -1) + -11 + 7).
13
Evaluate 17 + -13 - 15 - -10 - -14.
13
Evaluate -6 + 26 - (-23 - -5) - 12.
26
Calculate 43 + 19 + -59 + (1 + 0 - 0).
4
What is 0 - (-5 + (-6 - 4) + 5)?
10
What is -14 - (17 + -15 + -2)?
-14
Calculate 2 - -9 - (1 + 3 - (-1 + 6)).
12
What is the value of 1 + 15 + 51 + -55 + (-4 - -5)?
13
Evaluate -10 + (-115 - -103 - (-11 + 1)).
-12
Evaluate 10 + (3 + -10 - (0 + -5)) + -4.
4
Calculate (4 - -5 - 2) + -5 + 2 + 11.
15
What is the value of (-21 - 3) + (30 - -10) + -45?
-29
Calculate -11 + (20 - (22 - 10)).
-3
What is (15 - (-1 - -6)) + (79 - 81)?
8
Evaluate 15 - ((36 - 19) + -1).
-1
Calculate (-2 + 9 - (-24 + 26)) + -8 + 3.
0
Calculate 2 + -6 - (181 - 167).
-18
(-36 - -51) + -22 + 17
10
Evaluate 10 - (3 - 1) - (-62 + 65).
5
What is (281 - 315) + -2 + 29?
-7
Evaluate -4 + 11 + 10 + -11.
6
Calculate -17 - -4 - (1 - 14).
0
What is the value of -6 + 8 + (-2 - -18)?
18
-16 - ((18 - 4 - 26) + 22)
-26
Calculate 22 - (3 + -3) - (566 + -567).
23
What is 21 + -1 - ((20 - 13) + -7) - -2?
22
Evaluate 11 - 0 - (-129 - -112) - 10.
18
What is the value of -36 - -31 - (5 + -13 + (-3 - -7))?
-1
What is the value of 3 + -2 - -2 - (-15 - -8)?
10
What is (-2 + -10 + 1 - (135 - 138)) + -19?
-27
What is 0 + 1 + 0 + -18 - (66 + -69)?
-14
-7 + -2 + (-33 - -34) + -3
-11
Calculate 33 + -9 + (-11 - 9).
4
What is -6 + 4 + -1 + 21 + -8 + -10?
0
What is (-179 - -186) + (2 - (-9 - 1))?
19
What is (-24 - (35 - 49)) + (0 - -6)?
-4
-15 + 1 + 14 + 44 + -46
-2
What is the value of -7 - (-19 + 4 + 5) - (11 + 0)?
-8
Evaluate -1 + 6 + -83 + 77.
-1
Evaluate -8 + -3 + 28 + -33.
-16
What is the value of -4 - (1 + 18 + (-146 - -141) + -9)?
-9
Evaluate 1 + 5 + (-11 - -26 - 22) + 2.
1
What is -3 + (26 - 17) + (2 - 17) - 14?
-23
0 + -8 - (-14 - (1 + -5))
2
What is the value of 7 + 26 - 42 - (-3 - (-21 - 3))?
-30
Evaluate -21 - ((-21 - (-2 + -1)) + 9) - 5.
-17
What is (-14 - -18) + -20 - -7?
-9
322 + -334 - (0 + -10)
-2
Evaluate 92 - 105 - (-2 + -1 + 3 + 2).
-15
Calculate 11 + -19 - 10 - -22.
4
Calculate (-31 - (-1 + 0)) + -63 + 14 + 56.
-23
What is -5 + -3 - (198 - 237)?
31
What is the value of -126 + 137 + (-4 - 20)?
-13
What is 1 + 1 + 2 + (2 - (1 + 0))?
5
What is the value of 0 + 37 + (-15 - 3) + 9 + -4?
24
What is the value of 0 - (-3 - -17) - (-5 + 0)?
-9
Calculate -11 + (-1 - 11) + 5 + 5.
-13
What is the value of -5 - -13 - (23 + -16)?
1
What is the value of -20 + 5 + 2 - -14?
1
22 + (-10 - -6) + 3 + -11 - -13
23
What is the value of (49 - (-15 + 26)) + (5 - 5) + -4?
34
Evaluate (-3 - (-1 - -2 - 5)) + -7 + 2.
-4
Calculate (11 - 2) + 6 - 16 - (0 + 5).
-6
What is the value of -21 - ((-23 - -24) + -14)?
-8
Evaluate -28 - (-23 + -50 + 19).
26
What is the value of -37 + 69 + -32 + -3 + 0?
-3
Calculate -2 - 40 - (-75 - -55).
-22
(18 - -1) + 111 + -123
7
-5 + 4 + -3 - (-152 - -141)
7
What is the value of 289 + -309 - (-3 - -4 - -16)?
-37
What is the value of (-12 - -3) + (24 - 4) - 1?
10
Evaluate 0 - 14 - (-20 + 6 + 7).
-7
(-6 + (-1 - -10) - -7) + 8
18
What is -15 + 64 - (19 - -8)?
22
Calculate ((-16 - -8) + 6 - -5) + 8.
11
What is the value of -15 - (-17 - (-42 - -21))?
-19
Evaluate 1 - (11 + (6 - (-2 + 5 - 17))).
-30
Calculate 4 + -24 + (19 - 7) + -3.
-11
What is the value of -3 - (2 - 1 - (8 - 1 - 6))?
-3
Evaluate 17 - 0 - ((9 - (-9 + 22)) + 9).
12
What is -362 + 379 + (-13 - 0)?
4
-1 + 3 + -6 + (-21 - -47) - 3
19
Evaluate 17 + (-31 - -5 - -15).
6
(0 - (11 - 1)) + -29 - (-7 + -2)
-30
What is the value of 49 - 14 - (-18 + 22)?
31
What is 4 + (2 - -1 - 14) + -13?
-20
What is the value of (-3 - -10) + 4 + -1 + (-2 - 1)?
7
Calculate -102 + 105 + -24 + -2.
-23
(9 - 8) + 14 + -19
-4
What is the value of -2 - (0 + (0 - 0)) - (-627 + 612)?
13
(426 - 420) + 4 + -6 + (-2 - 2)
0
Calculate (-7 - (-51 - (-21 - -7))) + -13.
17
Evaluate (-39 - (1 + -1 - 13)) + 0.
-26
Evaluate -12 + ((3 - 5) + 3 - (-23 - -18)).
-6
162 - 142 - (3 - -13)
4
Calculate (2 + -15 - (8 + 19 + -31)) + -2.
-11
Evaluate 18 - (-6 - (7 + -24)).
7
What is -26 + (11 - (0 + -5))?
-10
Calculate -12 - (3 + -5) - (6 - (3 + 5)).
-8
(-7 - 2) + 4 + (-97 - -104) + -29
-27
What is -14 + -31 - (-6 - 21)?
-18
Calculate 38 - (-48 - -48 - (1 + -15)).
24
Evaluate 36 - ((-4 - (5 + 2) - -10) + -2).
39
Calculate (2 - (13 + 4)) + 70 + -31.
24
-32 - (-1 + -42 + 15 + 16)
-20
(-17 - 50) + (38 - 4)
-33
What is -5 + 5 + 1 + 5 + -12 + 12?
6
What is the value of 3 + 7 + -9 + 20 - (0 - 7)?
28
-56 + 19 + -3 + 18
-22
-1 - (-6 + (-9 - -19) + -5)
0
What is 0 - 7 - ((8 - -8) + -31 - -2)?
6
What is the value of ((-13 - -6) + 4 - -9) + 7?
13
What is -6 + (-8 - -17 - (-11 + -2))?
16
What is the value of 5 + (1 - ((-3 + 3 - 6) + 5))?
7
What is 26 - ((-18 - -11) + 16)?
17
(2 - (-10 + 22)) + -1
-11
Evaluate (-12 - (-2 - 0) - (28 - 35)) + 1.
-2
What is -8 - (-310 + 302 + (-1 - -12 - 0))?
-11
What is the value of 298 + -346 + 19 + 3?
-26
Evaluate (5 - (2 - -2)) + (-16 - (-20 - -17)).
-12
(0 + 1 + 1 - -2) + -3
1
-35 + -11 - (-46 + 35)
-35
What is the value of (-24 - -12) + 7 + -12 + -4?
-21
Calculate -25 - (-2 + -23) - ((3 - 2) + -9).
8
Evaluate (0 - 21) + 0 - -22.
1
Calculate (-2 - (-13 - -12)) + 27.
26
Evaluate 8 + (-6 - -26 - (16 - 5)).
17
What is (-2 - 30 - -48) + -2 + -45?
-31
Calculate -9 + 18 - 9 - (1 + -1).
0
Evaluate 15 - (-5 + 8 + 34).
-22
Evaluate -6 + (5 - (-1 + (-7 - -6))).
1
What is the value of 1 + -7 - ((-1 - 3) + 0 + 0)?
-2
What is 0 - ((4 - 4) + 6 - 4 - 16)?
14
(2 - 25) + (-11 - 0) + 19
-15
What is 0 + -12 + 24 + -3 + 2 - 41?
-30
-41 - 10 - (-42 + 10)
-19
What is 6 - (-12 + 3 + 12 + -1 + 1)?
3
Evaluate 0 + (-21 + 21 - -23).
23
Calculate -20 + (-8 - -